Let h(m) = m**2 - m + 5. Calculate h(c).
5
Let x(i) = -2*i - 9. Let v be x(-6). Let f(c) = -4*c**v + 3 - 2*c**2 + 16*c**3 - 13*c**3 - 2*c + 3*c**2. Determine f(2).
-5
Let k(d) be the first derivative of -d**3/3 + d**2 + d - 4. Give k(4).
-7
Let n(a) = a + 6. Let p be 26/8 - 9/(-12). Suppose 5 = -p*q - 11. Give n(q).
2
Let b(w) = -w**2 - 4*w + 7. Let h be b(2). Let x(f) be the second derivative of -7*f**2/2 - f. Let k(i) = i. Let d(p) = -k(p) + x(p). Calculate d(h).
-2
Let n(x) = -x - 1. Let u(s) = -s**3 + 7*s**2 - 14*s - 2. Let i(r) = -6*n(r) + u(r). What is i(6)?
-8
Let h(c) = c**2 + c + 8. Suppose -2*u = -6*u. Give h(u).
8
Let b(r) = -r - 1. Let d(o) = 9*o**2 + 9*o + 2. Let h(a) = 17*a**2 + 17*a + 4. Let p(g) = -7*d(g) + 4*h(g). Let i(y) = -3*b(y) - p(y). Calculate i(1).
-6
Let w(b) = b + 2. Suppose 8*r - 80 = 3*r. Let q = 6 - 3. Suppose m + q*m = r. Give w(m).
6
Let z = -7 + 4. Let k(m) be the third derivative of -m**4/24 + m**3/2 + 9*m**2. What is k(z)?
6
Let f(y) = 6 + 2*y**2 + 3*y - 2 - 2. Let s = -8 + 18. Let r(w) = -w + 8. Let m be r(s). Calculate f(m).
4
Let r = -12 - -16. Suppose -2*l = -0*m + m - 7, 3*m = 4*l + 11. Let p(b) = -2*b + r*b**2 + b**2 + b**3 + l - 3*b**2. What is p(1)?
2
Let a(v) = 2*v**3 + 5*v**2 + 2*v + 5. Let m(d) = -d**3 - d**2 - d. Let l(x) = a(x) + m(x). Calculate l(-4).
1
Let v(f) = 0*f - 2833 + 2838 + 2*f. Let b = -6 + 2. Determine v(b).
-3
Let h = 1 + 0. Let a(j) = -j**2 + j - 1. Let i(r) = 3*r**2 + r - 2. Let y(d) = h*a(d) - i(d). Let z be (-8)/12*3/2. Calculate y(z).
-3
Suppose -5*t + 1 = -3*i, -5*i = -13 - 2. Let d(j) be the second derivative of 0*j**3 + j**2 + 0 - 1/12*j**4 + j. Give d(t).
-2
Let c(t) = t**2 + 4*t. Let w(m) = m**2 - 3*m**2 + 8*m + 3*m**2 - 2 + 5. Let r be w(-7). What is c(r)?
0
Let j(t) = -t**3 - 4*t**2 + 3. Suppose 3*g = 2*g - a + 6, 3*g - a = 2. Let h(q) = -2*q. Let o be h(g). Give j(o).
3
Suppose -17 = -4*r + 3, -5*m = -r - 30. Let l(p) = -p**3 + 8*p**2 - 9*p + 8. Calculate l(m).
-6
Let d(u) = -3*u + 6. Let y be d(5). Let n be 8/(-2)*y/(-12). Let v(l) = 4*l + 4. What is v(n)?
-8
Let f(x) = x**2 - 5. Let u(k) = 3*k - 7. Let d(z) = -2*z + 4. Let i(q) = 5*d(q) + 3*u(q). Let b be i(3). What is f(b)?
11
Let o(i) = i + 5. Let k(r) = -3*r - 15. Let n(q) = 6*k(q) + 17*o(q). Let l be (-4)/(-6)*33 - 2. Suppose -6*f + f - l = 0. What is n(f)?
-1
Let m(l) be the second derivative of l**5/20 - 5*l**4/12 + l**3/2 + l**2 + 6*l. Determine m(3).
-7
Let c(l) = -3*l**2 - 5*l - 9. Let s = 5 - 10. Let o(t) = -t**2 - 2*t - 4. Let p(b) = s*o(b) + 2*c(b). Calculate p(0).
2
Let f(p) = 2*p**3 + p**2 + 6*p - 5. Let l(o) = o**2 + o - 1. Let b be l(2). Let v(a) = a**3 + 3*a - 3. Let c(h) = b*v(h) - 3*f(h). What is c(-2)?
2
Let q(y) be the third derivative of y**4/6 + y**3/6 - 3*y**2. Suppose -9*z + 4*z - 5 = 0. Give q(z).
-3
Let i = -71/2 + 107/3. Let r(x) be the second derivative of -2*x**2 + i*x**3 + 0 + 2*x. Calculate r(-3).
-7
Let d(n) = n - 3. Suppose -30 = 5*u + 3*k, -5*u + k = -0 + 10. What is d(u)?
-6
Let c(w) = 5*w**2. Suppose 2*q = -0*q + 4. Let j = 1 - q. What is c(j)?
5
Let m(f) = 11*f**3 - f. Let v(t) = 33*t**3 - t**2 - 4*t. Let b(i) = -7*m(i) + 2*v(i). Determine b(-1).
10
Let m(i) = 3*i - 2. Let f(a) = 16*a - 11. Let x(w) = -2*f(w) + 11*m(w). Give x(6).
6
Suppose 0 = 5*m + 1 - 11. Let i(u) = -3*u**2 - 4 + 6*u**2 - u**3 + 2*u**2 + m*u. Let a = 25 + -20. What is i(a)?
6
Let w(v) be the second derivative of -v**3/6 - v**2/2 - 3*v. What is w(3)?
-4
Let o(h) be the first derivative of -6*h - 3/2*h**2 - 6. Give o(-6).
12
Suppose 4*u + 0*d - d - 3 = 0, 3*u - 5*d = 15. Let z(c) = -c + 6. Let t(b) be the second derivative of b**2/2 + 2*b. Let g(a) = 6*t(a) - z(a). What is g(u)?
0
Let o(g) = g**2 + g + 8. Let z(f) = -3*f**2 - f - 18. Let n(l) = 5*o(l) + 2*z(l). Give n(-3).
-14
Let u(h) = -3*h + 148 - 148. Let a be (6/(-5))/((-8)/20). Let n be 3*(1/a + -1). Give u(n).
6
Let t be ((-2)/(-3))/((-1)/(-3)). Let q(k) = k**t + 6*k + 3*k**2 - k**2 - 2*k**2 + 5. What is q(-5)?
0
Let n(h) = -4*h + 2*h - 5 - h**2 + 3 + 0*h. Suppose q + 2 = 0, -5*j + 33 = 2*q - 3. Suppose 8 = 3*x - x - 4*a, -j = x + 2*a. Give n(x).
-2
Let h(q) = 5*q - 4*q + q. Give h(3).
6
Let b(v) = 2 + 2*v + 1 + 2 - v. Give b(0).
5
Let p(v) = v**3 + 5*v**2 - 6*v - 2. Let z(x) = -x**3 - 5*x**2 + 8*x + 1. Let y(j) = -3*p(j) - 2*z(j). Give y(-5).
-6
Let t(r) = r**2 - 4*r + 1. Let p be 1 + 1 - 3 - -1. Suppose p = 3*l, 0*k - 3*l + 25 = 5*k. Suppose -g + 22 = k*z, -2*z - g + 12 = z. Determine t(z).
6
Let c(f) be the third derivative of 0*f**3 - 1/360*f**6 + f**2 + 0*f + 1/60*f**5 + 0 + 1/24*f**4. Let h(x) be the second derivative of c(x). Determine h(2).
-2
Let v(k) = 6*k + 0 - 5*k + 2. Let p be v(-4). Let g be p*(1/2)/1. Let a(d) = 6*d**2 - 2*d - 1. Give a(g).
7
Let r(x) be the first derivative of x**3/3 - 5*x**2/2 + 5. Give r(6).
6
Let k(o) = -o. Let s = -3 + -1. Give k(s).
4
Let r be 1/7 + 483/49. Let t(g) = -10*g + 5 + 3*g**2 - 5*g**2 - 7*g**2 + g**3. Let q be t(r). Let w(x) = x - 5. Calculate w(q).
0
Let x be (-90)/(-20) - (-1)/(-2). Let i(r) = 0*r - r**2 + x*r + 0 + 3. What is i(4)?
3
Let z be 3 - (-9)/(7 - -2). Let t(b) = -b**2 + 7*b - 6. Let q(l) = l - 1. Let k(c) = -q(c) + t(c). Calculate k(z).
3
Let t(k) be the second derivative of -k**6/180 + k**5/40 + k**4/4 - 5*k. Let a(u) be the third derivative of t(u). Give a(3).
-9
Suppose -14*t = -9*t - 40. Let i(v) = -v**3 + 7*v**2 + 7*v + 6. Calculate i(t).
-2
Suppose 12*b - 18 - 30 = 0. Let m(u) = -u**2 + 5*u + 2. Determine m(b).
6
Let w(c) = -4*c + 5. Let b be -3*(-2 - (-3 + 0)). Let k(q) = 7*q - 9. Let a(x) = b*k(x) - 5*w(x). Suppose -6 = -0*g + 2*g. Calculate a(g).
5
Let b(z) = 6*z + z - 2*z**2 + z**2. Suppose 3*t - 1 = i, 27 = 5*i - t + 2*t. Give b(i).
10
Let u(p) be the third derivative of -p**5/60 + p**4/6 - 2*p**3/3 + 6*p**2. Give u(5).
-9
Let z(x) = -x**3 - 5*x**2 - 2*x - 2. Suppose 2*a = 5*o, 0*a = -2*a - o - 12. Calculate z(a).
8
Let x(w) = -w. Let g(j) = j**2 - 3*j. Let i(s) = g(s) - 3*x(s). What is i(-2)?
4
Let n(l) = 63*l**3 - 64*l**3 - l - 5*l**2 - 6*l - 6. Calculate n(-4).
6
Let o(i) = 3 - 11 - 32*i + 33*i - 1. Determine o(7).
-2
Let j(k) = -k**2 + 7*k - 9. Suppose 0*a - 5*a + 20 = 0. Suppose -i = -10 + a. Give j(i).
-3
Let f(m) be the second derivative of -m**2/2 - 2*m. Let q(u) = -u + 2. Let d(x) = 2*f(x) + q(x). Give d(-6).
6
Let b(j) = -j + 4. Suppose 9*f = 12*f - 9. Determine b(f).
1
Let y(g) = -4*g**3 + 6*g**2 + 6*g + 7. Let j(v) = -7*v**3 + 13*v**2 + 13*v + 15. Let p(s) = 6*j(s) - 13*y(s). Suppose 9 = 6*m + 3. What is p(m)?
9
Suppose -4 = 3*v - 3*l + l, 5*l + 8 = 3*v. Let s = 24 + -20. Let n(y) = 4*y + s + y**3 + 5*y**2 + 7*y - 3*y - 3*y. What is n(v)?
0
Let g be ((-6)/(-4))/(1/2). Let h(p) = -9*p - 4 - 2 - p**2 + g*p. Give h(-4).
2
Let b be (-9)/(1 - 4) - 0. Let j(o) = -2*o**2 + 5*o - 3. Calculate j(b).
-6
Let v(l) = 2*l - 12. Let m be v(8). Let j(x) = x**2 - 3*x - 2. Determine j(m).
2
Suppose -5*a + 0*a = 0. Let r(q) = -3*q + q**3 - 9 + 4*q + 10. Calculate r(a).
1
Suppose -9 - 3 = -2*v. Let o(b) = -6*b**3 + 3*b**2 + 7*b - 1. Let j(k) = 5*k**3 - 3*k**2 - 6*k + 1. Let t(u) = v*o(u) + 7*j(u). Determine t(-3).
1
Let q(l) be the third derivative of 0*l - 1/24*l**4 - 2*l**2 + 0 - 2/3*l**3. Suppose 3 = -k - 0. What is q(k)?
-1
Suppose 0 = 4*y - 4*r - 31 - 1, 2*y - 14 = r. Suppose y + 9 = -3*f. Let i(p) = p**2 + 4. Let l(t) = t. Let n(q) = -i(q) - 5*l(q). Give n(f).
-4
Let t(x) = -x + 5. Let d be 1 - 2/(-2)*1. Suppose -q + 10 = -2*z, 0 = 2*q + z - d*z - 11. Calculate t(q).
1
Let q(o) = -o - 3. Let a be q(3). Let c(i) = i - 1. What is c(a)?
-7
Let s(q) = -q**2 - 2*q + 7. Let z(n) = -n**2 - 2*n + 8. Let j(v) = 7*s(v) - 6*z(v). Let y = -47 - -43. Give j(y).
-7
Suppose 0 = -4*l - 0 + 16. Suppose -19 - 5 = -l*i. Let r(k) = k**3 - 7*k**2 + 6*k - 4. What is r(i)?
-4
Suppose 7*k = 3*a + 8*k, 0 = -4*a - k. Let y(v) be the second derivative of v**4/12 + 2*v**2 - v. What is y(a)?
4
Let a(b) = b**3 + 11*b**2 + 11*b + 15. Suppose -5*m - 25 = 25. Determine a(m).
5
Let q(i) be the third derivative of i**4/24 + 4*i**3/3 - 9*i**2. Let a(z) = z**3 - 6*z**2 - 7*z. Let r be a(7). Let g be (1 - (-2)/(-4))*r. What is q(g)?
8
Suppose 0 = 4*n + n + 5. Let p(x) = -3*x. Let s(z) be the second derivative of -z**3/